{"id":131,"date":"2024-11-03T18:49:01","date_gmt":"2024-11-03T15:49:01","guid":{"rendered":"https:\/\/spjutsund.fi\/?page_id=131"},"modified":"2026-04-28T15:38:30","modified_gmt":"2026-04-28T12:38:30","slug":"aktuellt","status":"publish","type":"page","link":"https:\/\/spjutsund.fi\/index.php\/aktuellt\/","title":{"rendered":"Aktuellt"},"content":{"rendered":"\n<h1 class=\"wp-block-heading\"><br>Fiskem\u00e4rkesf\u00f6rs\u00e4ljning<\/h1>\n\n\n\n<p class=\"has-contrast-color has-text-color has-link-color wp-elements-6bac67b072ecafea1b17e8c7431b82cc\" id=\"block-d0c3ae82-edbd-42c0-a194-8866d347916a\" style=\"font-style:normal;font-weight:700\">F\u00f6rs\u00e4ljning av fiskem\u00e4rken i samband med Sommartorget vid Byarsborg kl 09:30 -10:30<\/p>\n\n\n\n<p>V\u00e5r fiske\u00f6vervakare \u00e4r p\u00e5 plats s\u00e5 du kan v\u00e4nda dej till honom<\/p>\n\n\n\n<p>M\u00e4rken s\u00e4ljs ocks\u00e5<\/p>\n\n\n\n<p>S\u00f6ndagen <strong>26.4 2026 <\/strong>kl 15:00 \u2013 16:00 st\u00e4lldes in pga av sjukdom<\/p>\n\n\n\n<p>L\u00f6rdagen<strong> 9.5 2026 <\/strong>kl 10:00 \u2013 11:00<\/p>\n\n\n\n<p><\/p>\n\n\n\n<p>Betala helst med kort!<\/p>\n\n\n\n<p><\/p>\n\n\n\n<figure class=\"wp-block-image size-large\"><img loading=\"lazy\" decoding=\"async\" width=\"833\" height=\"1024\" src=\"https:\/\/spjutsund.fi\/wp-content\/uploads\/2026\/02\/Fiskebrickor-2026-833x1024.jpg\" alt=\"\" class=\"wp-image-277\" srcset=\"https:\/\/spjutsund.fi\/wp-content\/uploads\/2026\/02\/Fiskebrickor-2026-833x1024.jpg 833w, https:\/\/spjutsund.fi\/wp-content\/uploads\/2026\/02\/Fiskebrickor-2026-244x300.jpg 244w, https:\/\/spjutsund.fi\/wp-content\/uploads\/2026\/02\/Fiskebrickor-2026-768x944.jpg 768w, https:\/\/spjutsund.fi\/wp-content\/uploads\/2026\/02\/Fiskebrickor-2026-1250x1536.jpg 1250w, https:\/\/spjutsund.fi\/wp-content\/uploads\/2026\/02\/Fiskebrickor-2026-1667x2048.jpg 1667w\" sizes=\"auto, (max-width: 833px) 100vw, 833px\" \/><\/figure>\n","protected":false},"excerpt":{"rendered":"<p>Fiskem\u00e4rkesf\u00f6rs\u00e4ljning F\u00f6rs\u00e4ljning av fiskem\u00e4rken i samband med Sommartorget vid Byarsborg kl 09:30 -10:30 V\u00e5r fiske\u00f6vervakare \u00e4r p\u00e5 plats s\u00e5 du kan v\u00e4nda dej till honom M\u00e4rken s\u00e4ljs ocks\u00e5 S\u00f6ndagen 26.4 2026 kl 15:00 \u2013 16:00 st\u00e4lldes in pga av sjukdom L\u00f6rdagen 9.5 2026 kl 10:00 \u2013 11:00 Betala helst med kort!<\/p>\n","protected":false},"author":1,"featured_media":211,"parent":0,"menu_order":10,"comment_status":"closed","ping_status":"closed","template":"","meta":{"footnotes":""},"class_list":["post-131","page","type-page","status-publish","has-post-thumbnail","hentry"],"_links":{"self":[{"href":"https:\/\/spjutsund.fi\/index.php\/wp-json\/wp\/v2\/pages\/131","targetHints":{"allow":["GET"]}}],"collection":[{"href":"https:\/\/spjutsund.fi\/index.php\/wp-json\/wp\/v2\/pages"}],"about":[{"href":"https:\/\/spjutsund.fi\/index.php\/wp-json\/wp\/v2\/types\/page"}],"author":[{"embeddable":true,"href":"https:\/\/spjutsund.fi\/index.php\/wp-json\/wp\/v2\/users\/1"}],"replies":[{"embeddable":true,"href":"https:\/\/spjutsund.fi\/index.php\/wp-json\/wp\/v2\/comments?post=131"}],"version-history":[{"count":12,"href":"https:\/\/spjutsund.fi\/index.php\/wp-json\/wp\/v2\/pages\/131\/revisions"}],"predecessor-version":[{"id":343,"href":"https:\/\/spjutsund.fi\/index.php\/wp-json\/wp\/v2\/pages\/131\/revisions\/343"}],"wp:featuredmedia":[{"embeddable":true,"href":"https:\/\/spjutsund.fi\/index.php\/wp-json\/wp\/v2\/media\/211"}],"wp:attachment":[{"href":"https:\/\/spjutsund.fi\/index.php\/wp-json\/wp\/v2\/media?parent=131"}],"curies":[{"name":"wp","href":"https:\/\/api.w.org\/{rel}","templated":true}]}}

<h1 class="wp-block-heading"><br>Fiskemärkesförsäljning</h1>



<p class="has-contrast-color has-text-color has-link-color wp-elements-6bac67b072ecafea1b17e8c7431b82cc" id="block-d0c3ae82-edbd-42c0-a194-8866d347916a" style="font-style:normal;font-weight:700">Försäljning av fiskemärken i samband med Sommartorget vid Byarsborg kl 09:30 -10:30</p>



<p>Vår fiskeövervakare är på plats så du kan vända dej till honom</p>



<p>Märken säljs också</p>



<p>Söndagen <strong>26.4 2026 </strong>kl 15:00 – 16:00 ställdes in pga av sjukdom</p>



<p>Lördagen<strong> 9.5 2026 </strong>kl 10:00 – 11:00</p>



<p></p>



<p>Betala helst med kort!</p>



<p></p>



<figure class="wp-block-image size-large"><img loading="lazy" decoding="async" width="833" height="1024" src="https://spjutsund.fi/wp-content/uploads/2026/02/Fiskebrickor-2026-833x1024.jpg" alt="" class="wp-image-277" srcset="https://spjutsund.fi/wp-content/uploads/2026/02/Fiskebrickor-2026-833x1024.jpg 833w, https://spjutsund.fi/wp-content/uploads/2026/02/Fiskebrickor-2026-244x300.jpg 244w, https://spjutsund.fi/wp-content/uploads/2026/02/Fiskebrickor-2026-768x944.jpg 768w, https://spjutsund.fi/wp-content/uploads/2026/02/Fiskebrickor-2026-1250x1536.jpg 1250w, https://spjutsund.fi/wp-content/uploads/2026/02/Fiskebrickor-2026-1667x2048.jpg 1667w" sizes="auto, (max-width: 833px) 100vw, 833px" /></figure>

<p>Fiskemärkesförsäljning Försäljning av fiskemärken i samband med Sommartorget vid Byarsborg kl 09:30 -10:30 Vår fiskeövervakare är på plats så du kan vända dej till honom Märken säljs också Söndagen 26.4 2026 kl 15:00 – 16:00 ställdes in pga av sjukdom Lördagen 9.5 2026 kl 10:00 – 11:00 Betala helst med kort!</p>
