{"id":170,"date":"2024-11-04T00:12:51","date_gmt":"2024-11-03T21:12:51","guid":{"rendered":"https:\/\/spjutsund.fi\/?page_id=170"},"modified":"2026-02-23T14:11:12","modified_gmt":"2026-02-23T11:11:12","slug":"fiskeforbud","status":"publish","type":"page","link":"https:\/\/spjutsund.fi\/index.php\/allt-om-fiske\/fiskeforbud\/","title":{"rendered":"Fiskef\u00f6rbud 15.5. &#8211; 15.6.2026"},"content":{"rendered":"\n<p>Allt fiske, utom mete med sp\u00f6 utan rulle, pimpelfiske samt fiske med str\u00f6mmingsh\u00e4ckla, \u00e4r f\u00f6rbjudet p\u00e5 det r\u00f6df\u00e4rgade omr\u00e5det.<\/p>\n\n\n\n<p>Beslutet ber\u00f6r alla, \u00e4ven fastigheter med vattenr\u00e4tt!<\/p>\n\n\n\n<figure class=\"wp-block-image size-full\"><img loading=\"lazy\" decoding=\"async\" width=\"645\" height=\"537\" src=\"https:\/\/spjutsund.fi\/wp-content\/uploads\/2024\/11\/Fiskeforbudsomrade-Siverfjarden.jpeg\" alt=\"\" class=\"wp-image-171\" srcset=\"https:\/\/spjutsund.fi\/wp-content\/uploads\/2024\/11\/Fiskeforbudsomrade-Siverfjarden.jpeg 645w, https:\/\/spjutsund.fi\/wp-content\/uploads\/2024\/11\/Fiskeforbudsomrade-Siverfjarden-300x250.jpeg 300w\" sizes=\"auto, (max-width: 645px) 100vw, 645px\" \/><\/figure>\n\n\n\n<p>Avsikten med f\u00f6rbudet \u00e4r att trygga fiskarna lekm\u00f6jligheter och baserar sej p\u00e5 ett beslut gjort av N\u00e4rings-, Trafik- och Milj\u00f6centralen, NTM.<\/p>\n\n\n\n<p>F\u00f6rbudet \u00f6vervakas av myndigheterna samt fiskeomr\u00e5dets \u00f6vervakare.<\/p>\n","protected":false},"excerpt":{"rendered":"<p>Allt fiske, utom mete med sp\u00f6 utan rulle, pimpelfiske samt fiske med str\u00f6mmingsh\u00e4ckla, \u00e4r f\u00f6rbjudet p\u00e5 det r\u00f6df\u00e4rgade omr\u00e5det. Beslutet ber\u00f6r alla, \u00e4ven fastigheter med vattenr\u00e4tt! Avsikten med f\u00f6rbudet \u00e4r att trygga fiskarna lekm\u00f6jligheter och baserar sej p\u00e5 ett beslut gjort av N\u00e4rings-, Trafik- och Milj\u00f6centralen, NTM. F\u00f6rbudet \u00f6vervakas av myndigheterna samt fiskeomr\u00e5dets \u00f6vervakare.<\/p>\n","protected":false},"author":1,"featured_media":0,"parent":133,"menu_order":0,"comment_status":"closed","ping_status":"closed","template":"","meta":{"footnotes":""},"class_list":["post-170","page","type-page","status-publish","hentry"],"_links":{"self":[{"href":"https:\/\/spjutsund.fi\/index.php\/wp-json\/wp\/v2\/pages\/170","targetHints":{"allow":["GET"]}}],"collection":[{"href":"https:\/\/spjutsund.fi\/index.php\/wp-json\/wp\/v2\/pages"}],"about":[{"href":"https:\/\/spjutsund.fi\/index.php\/wp-json\/wp\/v2\/types\/page"}],"author":[{"embeddable":true,"href":"https:\/\/spjutsund.fi\/index.php\/wp-json\/wp\/v2\/users\/1"}],"replies":[{"embeddable":true,"href":"https:\/\/spjutsund.fi\/index.php\/wp-json\/wp\/v2\/comments?post=170"}],"version-history":[{"count":3,"href":"https:\/\/spjutsund.fi\/index.php\/wp-json\/wp\/v2\/pages\/170\/revisions"}],"predecessor-version":[{"id":284,"href":"https:\/\/spjutsund.fi\/index.php\/wp-json\/wp\/v2\/pages\/170\/revisions\/284"}],"up":[{"embeddable":true,"href":"https:\/\/spjutsund.fi\/index.php\/wp-json\/wp\/v2\/pages\/133"}],"wp:attachment":[{"href":"https:\/\/spjutsund.fi\/index.php\/wp-json\/wp\/v2\/media?parent=170"}],"curies":[{"name":"wp","href":"https:\/\/api.w.org\/{rel}","templated":true}]}}