{"id":299,"date":"2026-02-23T14:08:15","date_gmt":"2026-02-23T11:08:15","guid":{"rendered":"https:\/\/spjutsund.fi\/?page_id=299"},"modified":"2026-02-23T14:08:16","modified_gmt":"2026-02-23T11:08:16","slug":"pyydysmerkkien-myynti","status":"publish","type":"page","link":"https:\/\/spjutsund.fi\/index.php\/fi\/pyydysmerkkien-myynti\/","title":{"rendered":"Pyydysmerkkien myynti"},"content":{"rendered":"\n<p>Pyydysmerkkej\u00e4 myyd\u00e4\u00e4n <strong>Byarsborgin Kes\u00e4torilla klo 09:30 &#8211; 10:30<\/strong><\/p>\n\n\n\n<p>Kalastuksenvalvojamme liikkuu torilla jo k\u00e4\u00e4nny h\u00e4nen puoleen ostaaksesi pyydysmerkkej\u00e4<\/p>\n\n\n\n<p>sek\u00e4 seuraavina p\u00e4ivin\u00e4 Byarsborgilla<\/p>\n\n\n\n<p>Sunnuntaina <strong>26.4 2026 <\/strong>klo 15:00 \u2013 16:00<\/p>\n\n\n\n<p>Lauantaina<strong> 9.5 2026 <\/strong>klo 10:00 \u2013 11:00.<\/p>\n\n\n\n<p><\/p>\n\n\n\n<p>Maksa mieluiten kortilla!<\/p>\n\n\n\n<figure class=\"wp-block-image size-large\"><img loading=\"lazy\" decoding=\"async\" width=\"833\" height=\"1024\" src=\"https:\/\/spjutsund.fi\/wp-content\/uploads\/2026\/02\/Fiskebrickor-2026-833x1024.jpg\" alt=\"\" class=\"wp-image-277\" srcset=\"https:\/\/spjutsund.fi\/wp-content\/uploads\/2026\/02\/Fiskebrickor-2026-833x1024.jpg 833w, https:\/\/spjutsund.fi\/wp-content\/uploads\/2026\/02\/Fiskebrickor-2026-244x300.jpg 244w, https:\/\/spjutsund.fi\/wp-content\/uploads\/2026\/02\/Fiskebrickor-2026-768x944.jpg 768w, https:\/\/spjutsund.fi\/wp-content\/uploads\/2026\/02\/Fiskebrickor-2026-1250x1536.jpg 1250w, https:\/\/spjutsund.fi\/wp-content\/uploads\/2026\/02\/Fiskebrickor-2026-1667x2048.jpg 1667w\" sizes=\"auto, (max-width: 833px) 100vw, 833px\" \/><\/figure>\n\n\n\n<p><\/p>\n","protected":false},"excerpt":{"rendered":"<p>Pyydysmerkkej\u00e4 myyd\u00e4\u00e4n Byarsborgin Kes\u00e4torilla klo 09:30 &#8211; 10:30 Kalastuksenvalvojamme liikkuu torilla jo k\u00e4\u00e4nny h\u00e4nen puoleen ostaaksesi pyydysmerkkej\u00e4 sek\u00e4 seuraavina p\u00e4ivin\u00e4 Byarsborgilla Sunnuntaina 26.4 2026 klo 15:00 \u2013 16:00 Lauantaina 9.5 2026 klo 10:00 \u2013 11:00. Maksa mieluiten kortilla!<\/p>\n","protected":false},"author":1,"featured_media":211,"parent":0,"menu_order":10,"comment_status":"closed","ping_status":"closed","template":"","meta":{"footnotes":""},"class_list":["post-299","page","type-page","status-publish","has-post-thumbnail","hentry"],"_links":{"self":[{"href":"https:\/\/spjutsund.fi\/index.php\/wp-json\/wp\/v2\/pages\/299","targetHints":{"allow":["GET"]}}],"collection":[{"href":"https:\/\/spjutsund.fi\/index.php\/wp-json\/wp\/v2\/pages"}],"about":[{"href":"https:\/\/spjutsund.fi\/index.php\/wp-json\/wp\/v2\/types\/page"}],"author":[{"embeddable":true,"href":"https:\/\/spjutsund.fi\/index.php\/wp-json\/wp\/v2\/users\/1"}],"replies":[{"embeddable":true,"href":"https:\/\/spjutsund.fi\/index.php\/wp-json\/wp\/v2\/comments?post=299"}],"version-history":[{"count":1,"href":"https:\/\/spjutsund.fi\/index.php\/wp-json\/wp\/v2\/pages\/299\/revisions"}],"predecessor-version":[{"id":300,"href":"https:\/\/spjutsund.fi\/index.php\/wp-json\/wp\/v2\/pages\/299\/revisions\/300"}],"wp:featuredmedia":[{"embeddable":true,"href":"https:\/\/spjutsund.fi\/index.php\/wp-json\/wp\/v2\/media\/211"}],"wp:attachment":[{"href":"https:\/\/spjutsund.fi\/index.php\/wp-json\/wp\/v2\/media?parent=299"}],"curies":[{"name":"wp","href":"https:\/\/api.w.org\/{rel}","templated":true}]}}