{"id":67,"date":"2024-10-23T15:34:27","date_gmt":"2024-10-23T12:34:27","guid":{"rendered":"https:\/\/spjutsund.fi\/?page_id=67"},"modified":"2026-02-17T14:28:13","modified_gmt":"2026-02-17T11:28:13","slug":"utmarkning-av-bragder","status":"publish","type":"page","link":"https:\/\/spjutsund.fi\/index.php\/allt-om-fiske\/utmarkning-av-bragder\/","title":{"rendered":"Fiskem\u00e4rken och utm\u00e4rkning av bragder"},"content":{"rendered":"\n<figure class=\"wp-block-image size-large\"><img loading=\"lazy\" decoding=\"async\" width=\"833\" height=\"1024\" src=\"https:\/\/spjutsund.fi\/wp-content\/uploads\/2026\/02\/Fiskebrickor-2026-833x1024.jpg\" alt=\"\" class=\"wp-image-277\" srcset=\"https:\/\/spjutsund.fi\/wp-content\/uploads\/2026\/02\/Fiskebrickor-2026-833x1024.jpg 833w, https:\/\/spjutsund.fi\/wp-content\/uploads\/2026\/02\/Fiskebrickor-2026-244x300.jpg 244w, https:\/\/spjutsund.fi\/wp-content\/uploads\/2026\/02\/Fiskebrickor-2026-768x944.jpg 768w, https:\/\/spjutsund.fi\/wp-content\/uploads\/2026\/02\/Fiskebrickor-2026-1250x1536.jpg 1250w, https:\/\/spjutsund.fi\/wp-content\/uploads\/2026\/02\/Fiskebrickor-2026-1667x2048.jpg 1667w\" sizes=\"auto, (max-width: 833px) 100vw, 833px\" \/><\/figure>\n\n\n\n<p><strong>Alla fasta bragder, dvs katsa, n\u00e4t, ryssja, l\u00e5ngrev samt g\u00e4ddkrok, f\u00f6ruts\u00e4tter tillst\u00e5nd av Del\u00e4garlaget<\/strong>. <\/p>\n\n\n\n<p>Tillst\u00e5nden s\u00e4ljs \u00e5rligen till det pris som st\u00e4mman beslutar. \u00c5rets m\u00e4rkesf\u00f6rs\u00e4ljning b\u00f6rjar redan i februari. D\u00e5 kan du best\u00e4lla m\u00e4rken genom att skicka en best\u00e4llning per<a href=\"https:\/\/spjutsund.fi\/index.php\/kontakta-oss\/\"> <\/a><\/p>\n\n\n\n<p><a href=\"https:\/\/spjutsund.fi\/index.php\/kontakta-oss\/\"><strong>epost: spjutsund(a)thsfinland.fi,<\/strong> <\/a> <\/p>\n\n\n\n<p><strong>WhatsApp<\/strong> eller <strong>SMS<\/strong> till nr <strong>0400614887<\/strong><\/p>\n\n\n\n<p>Ange fastighetsnamn\/nummer och \u00e4ven den adress till vilken du vill att m\u00e4rkena postas.<\/p>\n\n\n\n<p>M\u00e4rken postas en g\u00e5ng per vecka.<\/p>\n\n\n\n<p>Betalning till v\u00e5rt <strong>kontonummer FI04 4210 0010 2032 04<\/strong><\/p>\n\n\n\n<p>Ange ordet <strong>Fiskebrickor<\/strong> och <strong>namnet<\/strong> i meddelandef\u00e4ltet!<\/p>\n\n\n\n<p>F\u00f6rs\u00e4ljningen sker ocks\u00e5 den <strong>26 april 2026 kl 15:00 &#8211; 16:00<\/strong> och den <strong>9 maj 2026 kl 10:00 &#8211; 11:00<\/strong> vid Byarsborg samt i samband med <strong>Sommartorget p\u00e5 Byarsborg kl 9:30-10:30<\/strong><\/p>\n\n\n\n<p><strong>Betala med kort, vill undvika kontantbetalning!<\/strong><\/p>\n\n\n\n<figure class=\"wp-block-image size-large is-resized\"><img loading=\"lazy\" decoding=\"async\" width=\"1024\" height=\"610\" src=\"https:\/\/spjutsund.fi\/wp-content\/uploads\/2025\/04\/Betalningsmojligheter-1024x610.jpg\" alt=\"\" class=\"wp-image-234\" style=\"width:567px;height:auto\" srcset=\"https:\/\/spjutsund.fi\/wp-content\/uploads\/2025\/04\/Betalningsmojligheter-1024x610.jpg 1024w, https:\/\/spjutsund.fi\/wp-content\/uploads\/2025\/04\/Betalningsmojligheter-300x179.jpg 300w, https:\/\/spjutsund.fi\/wp-content\/uploads\/2025\/04\/Betalningsmojligheter-768x458.jpg 768w, https:\/\/spjutsund.fi\/wp-content\/uploads\/2025\/04\/Betalningsmojligheter-1536x915.jpg 1536w, https:\/\/spjutsund.fi\/wp-content\/uploads\/2025\/04\/Betalningsmojligheter.jpg 1943w\" sizes=\"auto, (max-width: 1024px) 100vw, 1024px\" \/><\/figure>\n\n\n\n<p>Bragderna b\u00f6r f\u00f6rses med \u00e4garens namn och kontakuppgifter ( enligt Lag om Fiske) samt f\u00f6rses med fiskem\u00e4rket som anger att \u00e4garen k\u00f6pt r\u00e4tt att fiska med bragderna. <\/p>\n\n\n\n<p><strong>Kontaktuppgifterna och fiskem\u00e4rkena skall placeras p\u00e5 den yttersta flaggan, ovanom vattenytan.<\/strong><\/p>\n\n\n\n<figure class=\"wp-block-image size-large\"><img loading=\"lazy\" decoding=\"async\" width=\"1024\" height=\"963\" src=\"https:\/\/spjutsund.fi\/wp-content\/uploads\/2024\/09\/Markning-av-redskap-4-scaled-e1730305904755-1024x963.jpg\" alt=\"\" class=\"wp-image-41\" srcset=\"https:\/\/spjutsund.fi\/wp-content\/uploads\/2024\/09\/Markning-av-redskap-4-scaled-e1730305904755-1024x963.jpg 1024w, https:\/\/spjutsund.fi\/wp-content\/uploads\/2024\/09\/Markning-av-redskap-4-scaled-e1730305904755-300x282.jpg 300w, https:\/\/spjutsund.fi\/wp-content\/uploads\/2024\/09\/Markning-av-redskap-4-scaled-e1730305904755-768x723.jpg 768w, https:\/\/spjutsund.fi\/wp-content\/uploads\/2024\/09\/Markning-av-redskap-4-scaled-e1730305904755-1536x1445.jpg 1536w, https:\/\/spjutsund.fi\/wp-content\/uploads\/2024\/09\/Markning-av-redskap-4-scaled-e1730305904755.jpg 1859w\" sizes=\"auto, (max-width: 1024px) 100vw, 1024px\" \/><\/figure>\n\n\n\n<figure class=\"wp-block-image size-large\"><img loading=\"lazy\" decoding=\"async\" width=\"1024\" height=\"977\" src=\"https:\/\/spjutsund.fi\/wp-content\/uploads\/2024\/09\/Markning-av-redskap-2-scaled-e1730305976479-1024x977.jpg\" alt=\"\" class=\"wp-image-43\" srcset=\"https:\/\/spjutsund.fi\/wp-content\/uploads\/2024\/09\/Markning-av-redskap-2-scaled-e1730305976479-1024x977.jpg 1024w, https:\/\/spjutsund.fi\/wp-content\/uploads\/2024\/09\/Markning-av-redskap-2-scaled-e1730305976479-300x286.jpg 300w, https:\/\/spjutsund.fi\/wp-content\/uploads\/2024\/09\/Markning-av-redskap-2-scaled-e1730305976479-768x733.jpg 768w, https:\/\/spjutsund.fi\/wp-content\/uploads\/2024\/09\/Markning-av-redskap-2-scaled-e1730305976479-1536x1466.jpg 1536w, https:\/\/spjutsund.fi\/wp-content\/uploads\/2024\/09\/Markning-av-redskap-2-scaled-e1730305976479.jpg 1859w\" sizes=\"auto, (max-width: 1024px) 100vw, 1024px\" \/><\/figure>\n\n\n\n<figure class=\"wp-block-image size-large\"><img loading=\"lazy\" decoding=\"async\" width=\"1024\" height=\"1020\" src=\"https:\/\/spjutsund.fi\/wp-content\/uploads\/2024\/09\/Markning-av-redskap-3-scaled-e1730305880242-1024x1020.jpg\" alt=\"\" class=\"wp-image-42\" srcset=\"https:\/\/spjutsund.fi\/wp-content\/uploads\/2024\/09\/Markning-av-redskap-3-scaled-e1730305880242-1024x1020.jpg 1024w, https:\/\/spjutsund.fi\/wp-content\/uploads\/2024\/09\/Markning-av-redskap-3-scaled-e1730305880242-300x300.jpg 300w, https:\/\/spjutsund.fi\/wp-content\/uploads\/2024\/09\/Markning-av-redskap-3-scaled-e1730305880242-150x150.jpg 150w, https:\/\/spjutsund.fi\/wp-content\/uploads\/2024\/09\/Markning-av-redskap-3-scaled-e1730305880242-768x765.jpg 768w, https:\/\/spjutsund.fi\/wp-content\/uploads\/2024\/09\/Markning-av-redskap-3-scaled-e1730305880242-1536x1529.jpg 1536w, https:\/\/spjutsund.fi\/wp-content\/uploads\/2024\/09\/Markning-av-redskap-3-scaled-e1730305880242.jpg 1859w\" sizes=\"auto, (max-width: 1024px) 100vw, 1024px\" \/><\/figure>\n\n\n\n<figure class=\"wp-block-image size-large\"><img loading=\"lazy\" decoding=\"async\" width=\"1024\" height=\"958\" src=\"https:\/\/spjutsund.fi\/wp-content\/uploads\/2024\/09\/Markning-av-langa-redskap-scaled-e1730305931555-1024x958.jpg\" alt=\"\" class=\"wp-image-44\" srcset=\"https:\/\/spjutsund.fi\/wp-content\/uploads\/2024\/09\/Markning-av-langa-redskap-scaled-e1730305931555-1024x958.jpg 1024w, https:\/\/spjutsund.fi\/wp-content\/uploads\/2024\/09\/Markning-av-langa-redskap-scaled-e1730305931555-300x281.jpg 300w, https:\/\/spjutsund.fi\/wp-content\/uploads\/2024\/09\/Markning-av-langa-redskap-scaled-e1730305931555-768x719.jpg 768w, https:\/\/spjutsund.fi\/wp-content\/uploads\/2024\/09\/Markning-av-langa-redskap-scaled-e1730305931555-1536x1438.jpg 1536w, https:\/\/spjutsund.fi\/wp-content\/uploads\/2024\/09\/Markning-av-langa-redskap-scaled-e1730305931555.jpg 1859w\" sizes=\"auto, (max-width: 1024px) 100vw, 1024px\" \/><\/figure>\n\n\n\n<figure class=\"wp-block-image size-large\"><img loading=\"lazy\" decoding=\"async\" width=\"1010\" height=\"1024\" src=\"https:\/\/spjutsund.fi\/wp-content\/uploads\/2024\/09\/Markning-pa-vintern-scaled-e1730306003851-1010x1024.jpg\" alt=\"\" class=\"wp-image-45\" srcset=\"https:\/\/spjutsund.fi\/wp-content\/uploads\/2024\/09\/Markning-pa-vintern-scaled-e1730306003851-1010x1024.jpg 1010w, https:\/\/spjutsund.fi\/wp-content\/uploads\/2024\/09\/Markning-pa-vintern-scaled-e1730306003851-296x300.jpg 296w, https:\/\/spjutsund.fi\/wp-content\/uploads\/2024\/09\/Markning-pa-vintern-scaled-e1730306003851-768x779.jpg 768w, https:\/\/spjutsund.fi\/wp-content\/uploads\/2024\/09\/Markning-pa-vintern-scaled-e1730306003851-1515x1536.jpg 1515w, https:\/\/spjutsund.fi\/wp-content\/uploads\/2024\/09\/Markning-pa-vintern-scaled-e1730306003851.jpg 1859w\" sizes=\"auto, (max-width: 1010px) 100vw, 1010px\" \/><\/figure>\n\n\n\n<p>Bilderna fr\u00e5n <a href=\"https:\/\/ahven.net\/p\/mark-dina-redskap-ratt-2\/\">Centralf\u00f6rbundet f\u00f6r Fiskerihush\u00e5llning<\/a><\/p>\n\n\n\n<p><\/p>\n","protected":false},"excerpt":{"rendered":"<p>Alla fasta bragder, dvs katsa, n\u00e4t, ryssja, l\u00e5ngrev samt g\u00e4ddkrok, f\u00f6ruts\u00e4tter tillst\u00e5nd av Del\u00e4garlaget. Tillst\u00e5nden s\u00e4ljs \u00e5rligen till det pris som st\u00e4mman beslutar. \u00c5rets m\u00e4rkesf\u00f6rs\u00e4ljning b\u00f6rjar redan i februari. D\u00e5 kan du best\u00e4lla m\u00e4rken genom att skicka en best\u00e4llning per epost: spjutsund(a)thsfinland.fi, WhatsApp eller SMS till nr 0400614887 Ange fastighetsnamn\/nummer och \u00e4ven den adress till [&hellip;]<\/p>\n","protected":false},"author":2,"featured_media":0,"parent":133,"menu_order":5,"comment_status":"closed","ping_status":"closed","template":"","meta":{"footnotes":""},"class_list":["post-67","page","type-page","status-publish","hentry"],"_links":{"self":[{"href":"https:\/\/spjutsund.fi\/index.php\/wp-json\/wp\/v2\/pages\/67","targetHints":{"allow":["GET"]}}],"collection":[{"href":"https:\/\/spjutsund.fi\/index.php\/wp-json\/wp\/v2\/pages"}],"about":[{"href":"https:\/\/spjutsund.fi\/index.php\/wp-json\/wp\/v2\/types\/page"}],"author":[{"embeddable":true,"href":"https:\/\/spjutsund.fi\/index.php\/wp-json\/wp\/v2\/users\/2"}],"replies":[{"embeddable":true,"href":"https:\/\/spjutsund.fi\/index.php\/wp-json\/wp\/v2\/comments?post=67"}],"version-history":[{"count":18,"href":"https:\/\/spjutsund.fi\/index.php\/wp-json\/wp\/v2\/pages\/67\/revisions"}],"predecessor-version":[{"id":286,"href":"https:\/\/spjutsund.fi\/index.php\/wp-json\/wp\/v2\/pages\/67\/revisions\/286"}],"up":[{"embeddable":true,"href":"https:\/\/spjutsund.fi\/index.php\/wp-json\/wp\/v2\/pages\/133"}],"wp:attachment":[{"href":"https:\/\/spjutsund.fi\/index.php\/wp-json\/wp\/v2\/media?parent=67"}],"curies":[{"name":"wp","href":"https:\/\/api.w.org\/{rel}","templated":true}]}}